{"id":1014,"date":"2021-05-14T09:43:29","date_gmt":"2021-05-14T07:43:29","guid":{"rendered":"https:\/\/ftfholding.eu\/?page_id=1014"},"modified":"2024-05-09T18:23:05","modified_gmt":"2024-05-09T16:23:05","slug":"biztonsagtechnika-2","status":"publish","type":"page","link":"https:\/\/www.tttsolutions.hu\/?page_id=1014","title":{"rendered":"Nedap Security Partner"},"content":{"rendered":"\n<p>TTT Solutions, mint a hollandiai Nedap <a href=\"http:\/\/www.nedap.com\">www.nedap.com<\/a> partnere, az AEOS bel\u00e9ptet\u0151 rendszerekre, riaszt\u00e1si \u00e9s videotechnol\u00f3gi\u00e1ra specializ\u00e1l\u00f3dott. Az AEOS-t vil\u00e1gszerte t\u00f6bb mint 6 700 \u00fcgyf\u00e9l haszn\u00e1lja. \u00dcgyfeleink t\u00f6bbs\u00e9ge a k\u00f6vetkez\u0151 ter\u00fcleteken dolgozik: aut\u00f3ipar \/ banki \/ vegyipar \/ szolg\u00e1ltat\u00e1sok \/ logisztika \/ rep\u00fcl\u00e9s \/ k\u00f6zszolg\u00e1ltat\u00e1s \u00e9s feldolgoz\u00f3ipar. A biztons\u00e1gtechnik\u00e1ban az ig\u00e9nyes feladatok elv\u00e9gz\u00e9se sok\u00e9ves tapasztalatot ig\u00e9nyel, k\u00fcl\u00f6nb\u00f6z\u0151 projektekb\u0151l \u00e9s kiterjedt m\u00e9rn\u00f6ki know-how-b\u00f3l. T\u00f6bb mint 10 \u00e9ves tapasztalattal rendelkez\u00fcnk a biztons\u00e1gi ipar\u00e1gban, \u00e9s megold\u00e1spartnerk\u00e9nt \u00e9s rendszerintegr\u00e1tork\u00e9nt tan\u00e1csot adunk \u00d6nnek az \u00d6n egyedi ig\u00e9nyeinek megfelel\u0151en, \u00e9s elk\u00eds\u00e9rj\u00fck \u00d6nt a projekttervez\u00e9st\u0151l \u00e9s a rendszer bevezet\u00e9s\u00e9t\u0151l a szolg\u00e1ltat\u00e1sig, fenntarthat\u00f3 \u00e9s innovat\u00edv informatikai szabv\u00e1nyok alkalmaz\u00e1s\u00e1val.<\/p>\n\n\n<div class=\"wp-block-image\">\n<figure class=\"aligncenter size-large\"><img loading=\"lazy\" decoding=\"async\" width=\"1024\" height=\"665\" src=\"https:\/\/www.directtwo.hu\/wp-content\/uploads\/2021\/05\/shutterstock_501282700-1024x665.jpg\" alt=\"\" class=\"wp-image-952\" srcset=\"https:\/\/www.tttsolutions.hu\/wp-content\/uploads\/2021\/05\/shutterstock_501282700-1024x665.jpg 1024w, https:\/\/www.tttsolutions.hu\/wp-content\/uploads\/2021\/05\/shutterstock_501282700-300x195.jpg 300w, https:\/\/www.tttsolutions.hu\/wp-content\/uploads\/2021\/05\/shutterstock_501282700-768x499.jpg 768w, https:\/\/www.tttsolutions.hu\/wp-content\/uploads\/2021\/05\/shutterstock_501282700-1536x998.jpg 1536w, https:\/\/www.tttsolutions.hu\/wp-content\/uploads\/2021\/05\/shutterstock_501282700.jpg 1920w\" sizes=\"auto, (max-width: 1024px) 100vw, 1024px\" \/><\/figure>\n<\/div>","protected":false},"excerpt":{"rendered":"<p>TTT Solutions, mint a hollandiai Nedap www.nedap.com partnere, az AEOS bel\u00e9ptet\u0151 rendszerekre, riaszt\u00e1si \u00e9s videotechnol\u00f3gi\u00e1ra specializ\u00e1l\u00f3dott. Az AEOS-t vil\u00e1gszerte t\u00f6bb [&hellip;]<\/p>\n","protected":false},"author":2,"featured_media":0,"parent":0,"menu_order":0,"comment_status":"closed","ping_status":"closed","template":"","meta":{"om_disable_all_campaigns":false,"_monsterinsights_skip_tracking":false,"_monsterinsights_sitenote_active":false,"_monsterinsights_sitenote_note":"","_monsterinsights_sitenote_category":0,"footnotes":""},"class_list":["post-1014","page","type-page","status-publish","hentry"],"aioseo_notices":[],"_links":{"self":[{"href":"https:\/\/www.tttsolutions.hu\/index.php?rest_route=\/wp\/v2\/pages\/1014","targetHints":{"allow":["GET"]}}],"collection":[{"href":"https:\/\/www.tttsolutions.hu\/index.php?rest_route=\/wp\/v2\/pages"}],"about":[{"href":"https:\/\/www.tttsolutions.hu\/index.php?rest_route=\/wp\/v2\/types\/page"}],"author":[{"embeddable":true,"href":"https:\/\/www.tttsolutions.hu\/index.php?rest_route=\/wp\/v2\/users\/2"}],"replies":[{"embeddable":true,"href":"https:\/\/www.tttsolutions.hu\/index.php?rest_route=%2Fwp%2Fv2%2Fcomments&post=1014"}],"version-history":[{"count":13,"href":"https:\/\/www.tttsolutions.hu\/index.php?rest_route=\/wp\/v2\/pages\/1014\/revisions"}],"predecessor-version":[{"id":24571,"href":"https:\/\/www.tttsolutions.hu\/index.php?rest_route=\/wp\/v2\/pages\/1014\/revisions\/24571"}],"wp:attachment":[{"href":"https:\/\/www.tttsolutions.hu\/index.php?rest_route=%2Fwp%2Fv2%2Fmedia&parent=1014"}],"curies":[{"name":"wp","href":"https:\/\/api.w.org\/{rel}","templated":true}]}}