{"id":694,"date":"2021-05-19T14:57:22","date_gmt":"2021-05-19T12:57:22","guid":{"rendered":"https:\/\/demo.themegrill.com\/flash-default-2\/?page_id=5"},"modified":"2024-07-04T16:58:14","modified_gmt":"2024-07-04T14:58:14","slug":"home","status":"publish","type":"page","link":"https:\/\/www.tttsolutions.hu\/?page_id=694","title":{"rendered":"Home"},"content":{"rendered":"<div id=\"pl-694\"  class=\"panel-layout\" ><div id=\"pg-694-0\"  class=\"panel-grid panel-has-style\" ><div class=\"siteorigin-panels-stretch panel-row-style panel-row-style-for-694-0\" data-stretch-type=\"full-width-stretch\" ><div id=\"pgc-694-0-0\"  class=\"panel-grid-cell\" ><div id=\"panel-694-0-0-0\" class=\"so-panel widget widget_themegrill_flash_slider tg-section tg-slider-widget panel-first-child panel-last-child\" data-index=\"0\" ><div class=\"tg-slider-widget slider-dark slider-content-center slider-control-center full-width\">\n\t<div class=\"swiper-container\">\n\t\t<div class=\"swiper-wrapper\">\n\t\t\t\n\t\t\t\t\t<div class=\"swiper-slide\">\n\t\t\t\t\t\t<figure class=\"slider-image\" >\n\t\t\t\t\t\t\t<img width=\"1920\" height=\"700\"\t\t\t\t\t\t\t\t\tsrc=\"http:\/\/www.tttsolutions.hu\/wp-content\/uploads\/2024\/07\/General_AccessControl_Monitoring_Nedap.jpg\"\n\t\t\t\t\t\t\t\t\talt=\"NEDAP Partner\"\n\t\t\t\t\t\t\t\t\ttitle=\"NEDAP Partner\"\/>\n\t\t\t\t\t\t\t<div class=\"overlay\"><\/div>\n\t\t\t\t\t\t<\/figure>\n\t\t\t\t\t\t<div class=\"slider-content\">\n\t\t\t\t\t\t\t<div class=\"tg-container\">\n\t\t\t\t\t\t\t\t<div class=\"caption-title\">NEDAP Partner<\/div>\n\t\t\t\t\t\t\t\t<div class=\"caption-desc\"><\/div>\n\t\t\t\t\t\t\t\t\t\t\t\t\t\t\t\t\t<div class=\"btn-wrapper\">\n\t\t\t\t\t\t\t\t\t\t<a href=\"\/?page_id=776\">Tov\u00e1bb<\/a>\n\t\t\t\t\t\t\t\t\t<\/div>\n\t\t\t\t\t\t\t\t\t\t\t\t\t\t\t<\/div>\n\t\t\t\t\t\t<\/div>\n\t\t\t\t\t<\/div>\n\n\t\t\t\t\n\t\t\t\t\t<div class=\"swiper-slide\">\n\t\t\t\t\t\t<figure class=\"slider-image\" >\n\t\t\t\t\t\t\t<img  \t\t\t\t\t\t\t\t\tsrc=\"\/wp-content\/uploads\/2021\/05\/face-recognition.jpg\"\n\t\t\t\t\t\t\t\t\talt=\"Follow The Face\"\n\t\t\t\t\t\t\t\t\ttitle=\"Follow The Face\"\/>\n\t\t\t\t\t\t\t<div class=\"overlay\"><\/div>\n\t\t\t\t\t\t<\/figure>\n\t\t\t\t\t\t<div class=\"slider-content\">\n\t\t\t\t\t\t\t<div class=\"tg-container\">\n\t\t\t\t\t\t\t\t<div class=\"caption-title\">Follow The Face<\/div>\n\t\t\t\t\t\t\t\t<div class=\"caption-desc\"><\/div>\n\t\t\t\t\t\t\t\t\t\t\t\t\t\t\t\t\t<div class=\"btn-wrapper\">\n\t\t\t\t\t\t\t\t\t\t<a href=\"\/?page_id=795\">Tov\u00e1bb<\/a>\n\t\t\t\t\t\t\t\t\t<\/div>\n\t\t\t\t\t\t\t\t\t\t\t\t\t\t\t<\/div>\n\t\t\t\t\t\t<\/div>\n\t\t\t\t\t<\/div>\n\n\t\t\t\t\n\t\t\t\t\t<div class=\"swiper-slide\">\n\t\t\t\t\t\t<figure class=\"slider-image\" >\n\t\t\t\t\t\t\t<img  \t\t\t\t\t\t\t\t\tsrc=\"\/wp-content\/uploads\/2021\/05\/Chain.jpg\"\n\t\t\t\t\t\t\t\t\talt=\"Biztons\u00e1gtechnika\"\n\t\t\t\t\t\t\t\t\ttitle=\"Biztons\u00e1gtechnika\"\/>\n\t\t\t\t\t\t\t<div class=\"overlay\"><\/div>\n\t\t\t\t\t\t<\/figure>\n\t\t\t\t\t\t<div class=\"slider-content\">\n\t\t\t\t\t\t\t<div class=\"tg-container\">\n\t\t\t\t\t\t\t\t<div class=\"caption-title\">Biztons\u00e1gtechnika<\/div>\n\t\t\t\t\t\t\t\t<div class=\"caption-desc\"><\/div>\n\t\t\t\t\t\t\t\t\t\t\t\t\t\t\t\t\t<div class=\"btn-wrapper\">\n\t\t\t\t\t\t\t\t\t\t<a href=\"\/?page_id=799\">Tov\u00e1bb<\/a>\n\t\t\t\t\t\t\t\t\t<\/div>\n\t\t\t\t\t\t\t\t\t\t\t\t\t\t\t<\/div>\n\t\t\t\t\t\t<\/div>\n\t\t\t\t\t<\/div>\n\n\t\t\t\t\t\t<\/div>\n\t\t<div class=\"swiper-pagination\"><\/div>\n\t\t<div class=\"slider-arrow\">\n\t\t\t<div class=\"swiper-button-next\"><\/div>\n\t\t\t<div class=\"swiper-button-prev\"><\/div>\n\t\t<\/div>\n\t<\/div>\n<\/div>\n<\/div><\/div><\/div><\/div><div id=\"pg-694-1\"  class=\"panel-grid panel-has-style\" ><div class=\"panel-row-style panel-row-style-for-694-1\" ><div id=\"pgc-694-1-0\"  class=\"panel-grid-cell\" ><div id=\"panel-694-1-0-0\" class=\"so-panel widget widget_themegrill_flash_service tg-widget tg-single-service panel-first-child panel-last-child\" data-index=\"1\" >\n<div class=\"tg-service-widget tg-service-layout-1\">\n\t<div class=\"service-wrapper\">\n\t\t<div class=\"service-icon-title-wrapper clearfix\">\n\t\t\t\t\t\t<div class=\"service-icon-wrap\"><i class=\"fa fa-cog\"><\/i><\/div>\n\t\t\t\t\t\t\t\t\t\t\t\t<h3 class=\"service-title-wrap\">\n\t\t\t\tRUGALMASAN TESTRESZABHAT\u00d3 TERM\u00c9KEK\t\t\t\t\t\t\t<\/h3>\n\t\t\t\t\t<\/div>\n\t\t\t\t<div class=\"service-content-wrap\">Term\u00e9keink vagy saj\u00e1t fejleszt\u00e9s\u0171ek vagy olyan technol\u00f3giai alapokon (pl. IBM Maximo) ker\u00fcltek megval\u00f3s\u00edt\u00e1sra, mely szinte korl\u00e1tlen szabads\u00e1got ny\u00fajt mind a funkci\u00f3k b\u0151v\u00edt\u00e9se, mind a m\u00e1s rendszerekkel t\u00f6rt\u00e9n\u0151 integr\u00e1l\u00e1s sor\u00e1n.<\/div>\n\t\t\t\t\t<\/div>\n<\/div>\n<\/div><\/div><div id=\"pgc-694-1-1\"  class=\"panel-grid-cell\" ><div id=\"panel-694-1-1-0\" class=\"so-panel widget widget_themegrill_flash_service tg-widget tg-single-service panel-first-child panel-last-child\" data-index=\"2\" >\n<div class=\"tg-service-widget tg-service-layout-1\">\n\t<div class=\"service-wrapper\">\n\t\t<div class=\"service-icon-title-wrapper clearfix\">\n\t\t\t\t\t\t<div class=\"service-icon-wrap\"><i class=\"fa fa-support\"><\/i><\/div>\n\t\t\t\t\t\t\t\t\t\t\t\t<h3 class=\"service-title-wrap\">\n\t\t\t\tT\u00c1MOGAT\u00c1S\t\t\t\t\t\t\t<\/h3>\n\t\t\t\t\t<\/div>\n\t\t\t\t<div class=\"service-content-wrap\">Az \u00e1ltalunk bevezetett rendszerekhez term\u00e9szetesen t\u00e1mogat\u00e1si szolg\u00e1ltat\u00e1st is ny\u00fajtunk. A t\u00e1mogat\u00e1s szintje, rendelkez\u00e9sre \u00e1ll\u00e1si id\u0151szakok rugalmasan alak\u00edthat\u00f3k a felhaszn\u00e1l\u00f3i ig\u00e9nyek szerint.<\/div>\n\t\t\t\t\t<\/div>\n<\/div>\n<\/div><\/div><div id=\"pgc-694-1-2\"  class=\"panel-grid-cell\" ><div id=\"panel-694-1-2-0\" class=\"so-panel widget widget_themegrill_flash_service tg-widget tg-single-service panel-first-child panel-last-child\" data-index=\"3\" >\n<div class=\"tg-service-widget tg-service-layout-1\">\n\t<div class=\"service-wrapper\">\n\t\t<div class=\"service-icon-title-wrapper clearfix\">\n\t\t\t\t\t\t<div class=\"service-icon-wrap\"><i class=\"fa fa-university\"><\/i><\/div>\n\t\t\t\t\t\t\t\t\t\t\t\t<h3 class=\"service-title-wrap\">\n\t\t\t\tSZAK\u00c9RTELEM\t\t\t\t\t\t\t<\/h3>\n\t\t\t\t\t<\/div>\n\t\t\t\t<div class=\"service-content-wrap\">Munkat\u00e1rsaink egyenk\u00e9nt is t\u00f6bb 10 \u00e9ves tapasztalattal rendelkeznek szakter\u00fclet\u00fck\u00f6n. P\u00e1lyafut\u00e1suk sor\u00e1n sz\u00e1mos nagy \u00e9s kisebb projekt sor\u00e1n szerezt\u00e9k tapaszatlatukat. Csapatunkat folymatosan fejlesztj\u00fck, b\u0151v\u00edtj\u00fck junior \u00e9s kezd\u0151 munkat\u00e1rsakkal, hogy a tapasztaltabb koll\u00e9g\u00e1ink tud\u00e1s\u00e1t \u00e1tv\u00e9ve k\u00f6lts\u00e9ghat\u00e9kony eroforr\u00e1sokkal val\u00f3s\u00edthassuk projektjeinket.<\/div>\n\t\t\t\t\t<\/div>\n<\/div>\n<\/div><\/div><\/div><\/div><div id=\"pg-694-2\"  class=\"panel-grid panel-no-style\" ><div id=\"pgc-694-2-0\"  class=\"panel-grid-cell\" ><div id=\"panel-694-2-0-0\" class=\"so-panel widget widget_text panel-first-child panel-last-child\" data-index=\"4\" >\t\t\t<div class=\"textwidget\"><p><a href=\"http:\/\/www.ftf-international.com\" target=\"_blank\" rel=\"noopener\"><img loading=\"lazy\" decoding=\"async\" class=\"aligncenter wp-image-719\" src=\"\/wp-content\/uploads\/2021\/05\/ftf_logo-300x204.png\" alt=\"\" width=\"150\" height=\"102\" srcset=\"https:\/\/www.tttsolutions.hu\/wp-content\/uploads\/2021\/05\/ftf_logo-300x204.png 300w, https:\/\/www.tttsolutions.hu\/wp-content\/uploads\/2021\/05\/ftf_logo.png 589w\" sizes=\"auto, (max-width: 150px) 100vw, 150px\" \/><\/a><\/p>\n<\/div>\n\t\t<\/div><\/div><div id=\"pgc-694-2-1\"  class=\"panel-grid-cell\" ><div id=\"panel-694-2-1-0\" class=\"so-panel widget widget_themegrill_flash_heading tg-widget section-title-wrapper panel-first-child panel-last-child\" data-index=\"5\" >\t<h3 class=\"section-title\">PARTNEREINK<\/h3>\n<\/div><\/div><div id=\"pgc-694-2-2\"  class=\"panel-grid-cell\" ><div id=\"panel-694-2-2-0\" class=\"so-panel widget widget_text panel-first-child panel-last-child\" data-index=\"6\" >\t\t\t<div class=\"textwidget\"><p><a href=\"http:\/\/www.axis.com\" target=\"_blank\" rel=\"noopener\"><img loading=\"lazy\" decoding=\"async\" class=\"aligncenter wp-image-1398 size-full\" src=\"\/wp-content\/uploads\/2021\/05\/axis_logo.png\" alt=\"\" width=\"130\" height=\"47\" \/><\/a><\/p>\n<\/div>\n\t\t<\/div><\/div><\/div><div id=\"pg-694-3\"  class=\"panel-grid panel-no-style\" ><div id=\"pgc-694-3-0\"  class=\"panel-grid-cell\" ><div id=\"panel-694-3-0-0\" class=\"so-panel widget widget_text panel-first-child panel-last-child\" data-index=\"7\" >\t\t\t<div class=\"textwidget\"><p><a href=\"http:\/\/www.ibm.com\" target=\"_blank\" rel=\"noopener\"><img loading=\"lazy\" decoding=\"async\" class=\"aligncenter wp-image-1328\" src=\"\/wp-content\/uploads\/2021\/05\/IBM-logo-300x150.png\" alt=\"\" width=\"150\" height=\"75\" srcset=\"https:\/\/www.tttsolutions.hu\/wp-content\/uploads\/2021\/05\/IBM-logo-300x150.png 300w, https:\/\/www.tttsolutions.hu\/wp-content\/uploads\/2021\/05\/IBM-logo-768x384.png 768w, https:\/\/www.tttsolutions.hu\/wp-content\/uploads\/2021\/05\/IBM-logo-800x400.png 800w, https:\/\/www.tttsolutions.hu\/wp-content\/uploads\/2021\/05\/IBM-logo.png 1000w\" sizes=\"auto, (max-width: 150px) 100vw, 150px\" \/><\/a><\/p>\n<\/div>\n\t\t<\/div><\/div><div id=\"pgc-694-3-1\"  class=\"panel-grid-cell\" ><div id=\"panel-694-3-1-0\" class=\"so-panel widget widget_text panel-first-child panel-last-child\" data-index=\"8\" >\t\t\t<div class=\"textwidget\"><p><a href=\"http:\/\/www.nokia.com\" target=\"_blank\" rel=\"noopener\"><img loading=\"lazy\" decoding=\"async\" class=\"aligncenter wp-image-1278 size-medium\" src=\"\/wp-content\/uploads\/2021\/05\/NOKIA-LOGO-300x89.png\" alt=\"\" width=\"300\" height=\"89\" srcset=\"https:\/\/www.tttsolutions.hu\/wp-content\/uploads\/2021\/05\/NOKIA-LOGO-300x89.png 300w, https:\/\/www.tttsolutions.hu\/wp-content\/uploads\/2021\/05\/NOKIA-LOGO-1024x304.png 1024w, https:\/\/www.tttsolutions.hu\/wp-content\/uploads\/2021\/05\/NOKIA-LOGO-768x228.png 768w, https:\/\/www.tttsolutions.hu\/wp-content\/uploads\/2021\/05\/NOKIA-LOGO-1536x456.png 1536w, https:\/\/www.tttsolutions.hu\/wp-content\/uploads\/2021\/05\/NOKIA-LOGO-2048x607.png 2048w\" sizes=\"auto, (max-width: 300px) 100vw, 300px\" \/><\/a><\/p>\n<\/div>\n\t\t<\/div><\/div><div id=\"pgc-694-3-2\"  class=\"panel-grid-cell\" ><div id=\"panel-694-3-2-0\" class=\"so-panel widget widget_text panel-first-child panel-last-child\" data-index=\"9\" >\t\t\t<div class=\"textwidget\"><p><a href=\"http:\/\/www.nedapsecurity.com\" target=\"_blank\" rel=\"noopener\"><img loading=\"lazy\" decoding=\"async\" class=\"aligncenter wp-image-933 size-full\" src=\"\/wp-content\/uploads\/2021\/05\/nedap-logo-920x533-1-e1621058572500.png\" alt=\"Nedap Security Management\" width=\"300\" height=\"100\" \/><\/a><\/p>\n<\/div>\n\t\t<\/div><\/div><div id=\"pgc-694-3-3\"  class=\"panel-grid-cell\" ><div id=\"panel-694-3-3-0\" class=\"so-panel widget widget_text panel-first-child panel-last-child\" data-index=\"10\" >\t\t\t<div class=\"textwidget\"><p><a href=\"https:\/\/telelink-city.com\/?lang=hu\" target=\"_blank\" rel=\"noopener\"><img loading=\"lazy\" decoding=\"async\" class=\"aligncenter wp-image-1273 size-medium\" src=\"\/wp-content\/uploads\/2021\/05\/telelink_city_logo_mobile-11-300x96.png\" alt=\"\" width=\"300\" height=\"96\" srcset=\"https:\/\/www.tttsolutions.hu\/wp-content\/uploads\/2021\/05\/telelink_city_logo_mobile-11-300x96.png 300w, https:\/\/www.tttsolutions.hu\/wp-content\/uploads\/2021\/05\/telelink_city_logo_mobile-11.png 625w\" sizes=\"auto, (max-width: 300px) 100vw, 300px\" \/><\/a><\/p>\n<\/div>\n\t\t<\/div><\/div><div id=\"pgc-694-3-4\"  class=\"panel-grid-cell\" ><div id=\"panel-694-3-4-0\" class=\"so-panel widget widget_text panel-first-child panel-last-child\" data-index=\"11\" >\t\t\t<div class=\"textwidget\"><p><a href=\"http:\/\/www.lenovo.hu\" target=\"_blank\" rel=\"noopener\"><img loading=\"lazy\" decoding=\"async\" class=\"aligncenter wp-image-935 size-full\" src=\"\/wp-content\/uploads\/2021\/05\/lenovo-logo.png\" alt=\"\" width=\"180\" height=\"60\" \/><\/a><\/p>\n<\/div>\n\t\t<\/div><\/div><\/div><\/div>","protected":false},"excerpt":{"rendered":"<p>NEDAP Partner Tov\u00e1bb Follow The Face Tov\u00e1bb Biztons\u00e1gtechnika Tov\u00e1bb RUGALMASAN TESTRESZABHAT\u00d3 TERM\u00c9KEK Term\u00e9keink vagy saj\u00e1t fejleszt\u00e9s\u0171ek vagy olyan technol\u00f3giai alapokon [&hellip;]<\/p>\n","protected":false},"author":2,"featured_media":0,"parent":0,"menu_order":0,"comment_status":"closed","ping_status":"closed","template":"","meta":{"om_disable_all_campaigns":false,"_monsterinsights_skip_tracking":false,"_monsterinsights_sitenote_active":false,"_monsterinsights_sitenote_note":"","_monsterinsights_sitenote_category":0,"footnotes":""},"class_list":["post-694","page","type-page","status-publish","hentry"],"aioseo_notices":[],"_links":{"self":[{"href":"https:\/\/www.tttsolutions.hu\/index.php?rest_route=\/wp\/v2\/pages\/694","targetHints":{"allow":["GET"]}}],"collection":[{"href":"https:\/\/www.tttsolutions.hu\/index.php?rest_route=\/wp\/v2\/pages"}],"about":[{"href":"https:\/\/www.tttsolutions.hu\/index.php?rest_route=\/wp\/v2\/types\/page"}],"author":[{"embeddable":true,"href":"https:\/\/www.tttsolutions.hu\/index.php?rest_route=\/wp\/v2\/users\/2"}],"replies":[{"embeddable":true,"href":"https:\/\/www.tttsolutions.hu\/index.php?rest_route=%2Fwp%2Fv2%2Fcomments&post=694"}],"version-history":[{"count":144,"href":"https:\/\/www.tttsolutions.hu\/index.php?rest_route=\/wp\/v2\/pages\/694\/revisions"}],"predecessor-version":[{"id":24621,"href":"https:\/\/www.tttsolutions.hu\/index.php?rest_route=\/wp\/v2\/pages\/694\/revisions\/24621"}],"wp:attachment":[{"href":"https:\/\/www.tttsolutions.hu\/index.php?rest_route=%2Fwp%2Fv2%2Fmedia&parent=694"}],"curies":[{"name":"wp","href":"https:\/\/api.w.org\/{rel}","templated":true}]}}